{"id":106,"date":"2023-04-25T15:15:16","date_gmt":"2023-04-25T13:15:16","guid":{"rendered":"https:\/\/laptimer.light-and-time.de\/?page_id=106"},"modified":"2024-12-21T16:08:37","modified_gmt":"2024-12-21T15:08:37","slug":"screenshots","status":"publish","type":"page","link":"https:\/\/laptimer.light-and-time.de\/?page_id=106","title":{"rendered":"Screenshots"},"content":{"rendered":"\n<p>Der erste Start des LapTimers mit dem Einrichtungsassistenten, der dich Schritt f\u00fcr Schritt durch die Einrichtung des Programmes f\u00fchrt.<\/p>\n\n\n\n<figure data-wp-context=\"{&quot;imageId&quot;:&quot;69dea79775a2b&quot;}\" data-wp-interactive=\"core\/image\" data-wp-key=\"69dea79775a2b\" class=\"wp-block-image size-large is-resized wp-lightbox-container\"><img loading=\"lazy\" decoding=\"async\" width=\"1024\" height=\"545\" data-wp-class--hide=\"state.isContentHidden\" data-wp-class--show=\"state.isContentVisible\" data-wp-init=\"callbacks.setButtonStyles\" data-wp-on--click=\"actions.showLightbox\" data-wp-on--load=\"callbacks.setButtonStyles\" data-wp-on-window--resize=\"callbacks.setButtonStyles\" src=\"https:\/\/laptimer.light-and-time.de\/wp-content\/uploads\/2023\/04\/erster_Programmstart-1024x545.jpg\" alt=\"\" class=\"wp-image-99\" style=\"width:600px\" srcset=\"https:\/\/laptimer.light-and-time.de\/wp-content\/uploads\/2023\/04\/erster_Programmstart-1024x545.jpg 1024w, https:\/\/laptimer.light-and-time.de\/wp-content\/uploads\/2023\/04\/erster_Programmstart-300x160.jpg 300w, https:\/\/laptimer.light-and-time.de\/wp-content\/uploads\/2023\/04\/erster_Programmstart-768x409.jpg 768w, https:\/\/laptimer.light-and-time.de\/wp-content\/uploads\/2023\/04\/erster_Programmstart.jpg 1091w\" sizes=\"auto, (max-width: 1024px) 100vw, 1024px\" \/><button\n\t\t\tclass=\"lightbox-trigger\"\n\t\t\ttype=\"button\"\n\t\t\taria-haspopup=\"dialog\"\n\t\t\taria-label=\"Vergr\u00f6\u00dfern\"\n\t\t\tdata-wp-init=\"callbacks.initTriggerButton\"\n\t\t\tdata-wp-on--click=\"actions.showLightbox\"\n\t\t\tdata-wp-style--right=\"state.imageButtonRight\"\n\t\t\tdata-wp-style--top=\"state.imageButtonTop\"\n\t\t>\n\t\t\t<svg xmlns=\"http:\/\/www.w3.org\/2000\/svg\" width=\"12\" height=\"12\" fill=\"none\" viewBox=\"0 0 12 12\">\n\t\t\t\t<path fill=\"#fff\" d=\"M2 0a2 2 0 0 0-2 2v2h1.5V2a.5.5 0 0 1 .5-.5h2V0H2Zm2 10.5H2a.5.5 0 0 1-.5-.5V8H0v2a2 2 0 0 0 2 2h2v-1.5ZM8 12v-1.5h2a.5.5 0 0 0 .5-.5V8H12v2a2 2 0 0 1-2 2H8Zm2-12a2 2 0 0 1 2 2v2h-1.5V2a.5.5 0 0 0-.5-.5H8V0h2Z\" \/>\n\t\t\t<\/svg>\n\t\t<\/button><\/figure>\n\n\n\n<p> Das Programmfenster des LapTimers besteht aus der links angebrachten Men\u00fcleiste und dazugeh\u00f6rigen Fensterbereichen f\u00fcr die Strecke, Fahrer, Fahrzeuge, Rennen, Auswertung und den Einstellungen. In diesen l\u00e4sst sich festlegen, welches dieser Fenster nach einem Programmstart angezeigt werden soll.<\/p>\n\n\n\n<figure data-wp-context=\"{&quot;imageId&quot;:&quot;69dea79775cff&quot;}\" data-wp-interactive=\"core\/image\" data-wp-key=\"69dea79775cff\" class=\"wp-block-image size-large is-resized wp-lightbox-container\"><img loading=\"lazy\" decoding=\"async\" width=\"1024\" height=\"658\" data-wp-class--hide=\"state.isContentHidden\" data-wp-class--show=\"state.isContentVisible\" data-wp-init=\"callbacks.setButtonStyles\" data-wp-on--click=\"actions.showLightbox\" data-wp-on--load=\"callbacks.setButtonStyles\" data-wp-on-window--resize=\"callbacks.setButtonStyles\" src=\"https:\/\/laptimer.light-and-time.de\/wp-content\/uploads\/2024\/12\/Strecke-1024x658.jpg\" alt=\"\" class=\"wp-image-446\" style=\"width:700px\" srcset=\"https:\/\/laptimer.light-and-time.de\/wp-content\/uploads\/2024\/12\/Strecke-1024x658.jpg 1024w, https:\/\/laptimer.light-and-time.de\/wp-content\/uploads\/2024\/12\/Strecke-300x193.jpg 300w, https:\/\/laptimer.light-and-time.de\/wp-content\/uploads\/2024\/12\/Strecke-768x494.jpg 768w, https:\/\/laptimer.light-and-time.de\/wp-content\/uploads\/2024\/12\/Strecke-1536x987.jpg 1536w, https:\/\/laptimer.light-and-time.de\/wp-content\/uploads\/2024\/12\/Strecke.jpg 1585w\" sizes=\"auto, (max-width: 1024px) 100vw, 1024px\" \/><button\n\t\t\tclass=\"lightbox-trigger\"\n\t\t\ttype=\"button\"\n\t\t\taria-haspopup=\"dialog\"\n\t\t\taria-label=\"Vergr\u00f6\u00dfern\"\n\t\t\tdata-wp-init=\"callbacks.initTriggerButton\"\n\t\t\tdata-wp-on--click=\"actions.showLightbox\"\n\t\t\tdata-wp-style--right=\"state.imageButtonRight\"\n\t\t\tdata-wp-style--top=\"state.imageButtonTop\"\n\t\t>\n\t\t\t<svg xmlns=\"http:\/\/www.w3.org\/2000\/svg\" width=\"12\" height=\"12\" fill=\"none\" viewBox=\"0 0 12 12\">\n\t\t\t\t<path fill=\"#fff\" d=\"M2 0a2 2 0 0 0-2 2v2h1.5V2a.5.5 0 0 1 .5-.5h2V0H2Zm2 10.5H2a.5.5 0 0 1-.5-.5V8H0v2a2 2 0 0 0 2 2h2v-1.5ZM8 12v-1.5h2a.5.5 0 0 0 .5-.5V8H12v2a2 2 0 0 1-2 2H8Zm2-12a2 2 0 0 1 2 2v2h-1.5V2a.5.5 0 0 0-.5-.5H8V0h2Z\" \/>\n\t\t\t<\/svg>\n\t\t<\/button><\/figure>\n\n\n\n<p>Im Streckenmen\u00fc k\u00f6nnen die Spuren ausgew\u00e4hlt werden, die Spurfarbe und die Streckenl\u00e4nge sowie Einstellungen zu Sektoren vorgenommen werden. F\u00fcr die Sektorenmessungen sind separate Zwischenzeitsensoren erforderlich.<\/p>\n\n\n\n<figure data-wp-context=\"{&quot;imageId&quot;:&quot;69dea79775f3b&quot;}\" data-wp-interactive=\"core\/image\" data-wp-key=\"69dea79775f3b\" class=\"wp-block-image size-large is-resized wp-lightbox-container\"><img loading=\"lazy\" decoding=\"async\" width=\"1024\" height=\"661\" data-wp-class--hide=\"state.isContentHidden\" data-wp-class--show=\"state.isContentVisible\" data-wp-init=\"callbacks.setButtonStyles\" data-wp-on--click=\"actions.showLightbox\" data-wp-on--load=\"callbacks.setButtonStyles\" data-wp-on-window--resize=\"callbacks.setButtonStyles\" src=\"https:\/\/laptimer.light-and-time.de\/wp-content\/uploads\/2023\/04\/Fahrer-1024x661.jpg\" alt=\"\" class=\"wp-image-100\" style=\"width:700px\" srcset=\"https:\/\/laptimer.light-and-time.de\/wp-content\/uploads\/2023\/04\/Fahrer-1024x661.jpg 1024w, https:\/\/laptimer.light-and-time.de\/wp-content\/uploads\/2023\/04\/Fahrer-300x194.jpg 300w, https:\/\/laptimer.light-and-time.de\/wp-content\/uploads\/2023\/04\/Fahrer-768x496.jpg 768w, https:\/\/laptimer.light-and-time.de\/wp-content\/uploads\/2023\/04\/Fahrer.jpg 1375w\" sizes=\"auto, (max-width: 1024px) 100vw, 1024px\" \/><button\n\t\t\tclass=\"lightbox-trigger\"\n\t\t\ttype=\"button\"\n\t\t\taria-haspopup=\"dialog\"\n\t\t\taria-label=\"Vergr\u00f6\u00dfern\"\n\t\t\tdata-wp-init=\"callbacks.initTriggerButton\"\n\t\t\tdata-wp-on--click=\"actions.showLightbox\"\n\t\t\tdata-wp-style--right=\"state.imageButtonRight\"\n\t\t\tdata-wp-style--top=\"state.imageButtonTop\"\n\t\t>\n\t\t\t<svg xmlns=\"http:\/\/www.w3.org\/2000\/svg\" width=\"12\" height=\"12\" fill=\"none\" viewBox=\"0 0 12 12\">\n\t\t\t\t<path fill=\"#fff\" d=\"M2 0a2 2 0 0 0-2 2v2h1.5V2a.5.5 0 0 1 .5-.5h2V0H2Zm2 10.5H2a.5.5 0 0 1-.5-.5V8H0v2a2 2 0 0 0 2 2h2v-1.5ZM8 12v-1.5h2a.5.5 0 0 0 .5-.5V8H12v2a2 2 0 0 1-2 2H8Zm2-12a2 2 0 0 1 2 2v2h-1.5V2a.5.5 0 0 0-.5-.5H8V0h2Z\" \/>\n\t\t\t<\/svg>\n\t\t<\/button><\/figure>\n\n\n\n<p>Im Fahrermen\u00fc k\u00f6nnen individuelle Fahrer mit Fahrernamen und eigenem Bild eingef\u00fcgt werden. Programmseitig sind die Fahrer 1 &#8211; Fahrer 6 vorbelegt. F\u00fcr verschiedene Rennen lassen sich auch unterschiedliche Fahrerlisten anlegen.<\/p>\n\n\n\n<figure data-wp-context=\"{&quot;imageId&quot;:&quot;69dea7977617c&quot;}\" data-wp-interactive=\"core\/image\" data-wp-key=\"69dea7977617c\" class=\"wp-block-image size-large is-resized wp-lightbox-container\"><img loading=\"lazy\" decoding=\"async\" width=\"1024\" height=\"658\" data-wp-class--hide=\"state.isContentHidden\" data-wp-class--show=\"state.isContentVisible\" data-wp-init=\"callbacks.setButtonStyles\" data-wp-on--click=\"actions.showLightbox\" data-wp-on--load=\"callbacks.setButtonStyles\" data-wp-on-window--resize=\"callbacks.setButtonStyles\" src=\"https:\/\/laptimer.light-and-time.de\/wp-content\/uploads\/2024\/12\/Fahrzeuge-1024x658.jpg\" alt=\"\" class=\"wp-image-450\" style=\"width:700px\" srcset=\"https:\/\/laptimer.light-and-time.de\/wp-content\/uploads\/2024\/12\/Fahrzeuge-1024x658.jpg 1024w, https:\/\/laptimer.light-and-time.de\/wp-content\/uploads\/2024\/12\/Fahrzeuge-300x193.jpg 300w, https:\/\/laptimer.light-and-time.de\/wp-content\/uploads\/2024\/12\/Fahrzeuge-768x494.jpg 768w, https:\/\/laptimer.light-and-time.de\/wp-content\/uploads\/2024\/12\/Fahrzeuge-1536x987.jpg 1536w, https:\/\/laptimer.light-and-time.de\/wp-content\/uploads\/2024\/12\/Fahrzeuge.jpg 1585w\" sizes=\"auto, (max-width: 1024px) 100vw, 1024px\" \/><button\n\t\t\tclass=\"lightbox-trigger\"\n\t\t\ttype=\"button\"\n\t\t\taria-haspopup=\"dialog\"\n\t\t\taria-label=\"Vergr\u00f6\u00dfern\"\n\t\t\tdata-wp-init=\"callbacks.initTriggerButton\"\n\t\t\tdata-wp-on--click=\"actions.showLightbox\"\n\t\t\tdata-wp-style--right=\"state.imageButtonRight\"\n\t\t\tdata-wp-style--top=\"state.imageButtonTop\"\n\t\t>\n\t\t\t<svg xmlns=\"http:\/\/www.w3.org\/2000\/svg\" width=\"12\" height=\"12\" fill=\"none\" viewBox=\"0 0 12 12\">\n\t\t\t\t<path fill=\"#fff\" d=\"M2 0a2 2 0 0 0-2 2v2h1.5V2a.5.5 0 0 1 .5-.5h2V0H2Zm2 10.5H2a.5.5 0 0 1-.5-.5V8H0v2a2 2 0 0 0 2 2h2v-1.5ZM8 12v-1.5h2a.5.5 0 0 0 .5-.5V8H12v2a2 2 0 0 1-2 2H8Zm2-12a2 2 0 0 1 2 2v2h-1.5V2a.5.5 0 0 0-.5-.5H8V0h2Z\" \/>\n\t\t\t<\/svg>\n\t\t<\/button><\/figure>\n\n\n\n<p>In der Fahrzeugverwaltung lassen sich die Fahrzeuge in einer Datenbank anlegen. Selbstverst\u00e4ndlich k\u00f6nnen dazu eigene Fahrzeugbilder verwendet werden.<\/p>\n\n\n\n<figure data-wp-context=\"{&quot;imageId&quot;:&quot;69dea79776394&quot;}\" data-wp-interactive=\"core\/image\" data-wp-key=\"69dea79776394\" class=\"wp-block-image size-large is-resized wp-lightbox-container\"><img loading=\"lazy\" decoding=\"async\" width=\"1024\" height=\"658\" data-wp-class--hide=\"state.isContentHidden\" data-wp-class--show=\"state.isContentVisible\" data-wp-init=\"callbacks.setButtonStyles\" data-wp-on--click=\"actions.showLightbox\" data-wp-on--load=\"callbacks.setButtonStyles\" data-wp-on-window--resize=\"callbacks.setButtonStyles\" src=\"https:\/\/laptimer.light-and-time.de\/wp-content\/uploads\/2024\/12\/Rennen-1024x658.jpg\" alt=\"\" class=\"wp-image-451\" style=\"width:700px\" srcset=\"https:\/\/laptimer.light-and-time.de\/wp-content\/uploads\/2024\/12\/Rennen-1024x658.jpg 1024w, https:\/\/laptimer.light-and-time.de\/wp-content\/uploads\/2024\/12\/Rennen-300x193.jpg 300w, https:\/\/laptimer.light-and-time.de\/wp-content\/uploads\/2024\/12\/Rennen-768x494.jpg 768w, https:\/\/laptimer.light-and-time.de\/wp-content\/uploads\/2024\/12\/Rennen-1536x987.jpg 1536w, https:\/\/laptimer.light-and-time.de\/wp-content\/uploads\/2024\/12\/Rennen.jpg 1585w\" sizes=\"auto, (max-width: 1024px) 100vw, 1024px\" \/><button\n\t\t\tclass=\"lightbox-trigger\"\n\t\t\ttype=\"button\"\n\t\t\taria-haspopup=\"dialog\"\n\t\t\taria-label=\"Vergr\u00f6\u00dfern\"\n\t\t\tdata-wp-init=\"callbacks.initTriggerButton\"\n\t\t\tdata-wp-on--click=\"actions.showLightbox\"\n\t\t\tdata-wp-style--right=\"state.imageButtonRight\"\n\t\t\tdata-wp-style--top=\"state.imageButtonTop\"\n\t\t>\n\t\t\t<svg xmlns=\"http:\/\/www.w3.org\/2000\/svg\" width=\"12\" height=\"12\" fill=\"none\" viewBox=\"0 0 12 12\">\n\t\t\t\t<path fill=\"#fff\" d=\"M2 0a2 2 0 0 0-2 2v2h1.5V2a.5.5 0 0 1 .5-.5h2V0H2Zm2 10.5H2a.5.5 0 0 1-.5-.5V8H0v2a2 2 0 0 0 2 2h2v-1.5ZM8 12v-1.5h2a.5.5 0 0 0 .5-.5V8H12v2a2 2 0 0 1-2 2H8Zm2-12a2 2 0 0 1 2 2v2h-1.5V2a.5.5 0 0 0-.5-.5H8V0h2Z\" \/>\n\t\t\t<\/svg>\n\t\t<\/button><\/figure>\n\n\n\n<p>Im Rennmen\u00fc kannst du zwischen Rundenrennen und Zeitrennen w\u00e4hlen. \u00dcber den Men\u00fcpunkt Renneinteilung lassen sich verschiedene Verteilungen der Fahrer auf die Rennen einstellen, es k\u00f6nnen auch eigene Rennverteilungen angelegt werden.<\/p>\n\n\n\n<p>Die verschiedenen L\u00e4ufe des Rennens k\u00f6nnen in beliebiger Reihenfolge gestartet werden. Das Rennen im Bild besteht aus vier einzelnen L\u00e4ufen.<\/p>\n\n\n\n<figure data-wp-context=\"{&quot;imageId&quot;:&quot;69dea797765f1&quot;}\" data-wp-interactive=\"core\/image\" data-wp-key=\"69dea797765f1\" class=\"wp-block-image size-large is-resized wp-lightbox-container\"><img loading=\"lazy\" decoding=\"async\" width=\"1024\" height=\"576\" data-wp-class--hide=\"state.isContentHidden\" data-wp-class--show=\"state.isContentVisible\" data-wp-init=\"callbacks.setButtonStyles\" data-wp-on--click=\"actions.showLightbox\" data-wp-on--load=\"callbacks.setButtonStyles\" data-wp-on-window--resize=\"callbacks.setButtonStyles\" src=\"https:\/\/laptimer.light-and-time.de\/wp-content\/uploads\/2023\/04\/Startampel-1024x576.jpg\" alt=\"\" class=\"wp-image-104\" style=\"width:700px\" srcset=\"https:\/\/laptimer.light-and-time.de\/wp-content\/uploads\/2023\/04\/Startampel-1024x576.jpg 1024w, https:\/\/laptimer.light-and-time.de\/wp-content\/uploads\/2023\/04\/Startampel-300x169.jpg 300w, https:\/\/laptimer.light-and-time.de\/wp-content\/uploads\/2023\/04\/Startampel-768x432.jpg 768w, https:\/\/laptimer.light-and-time.de\/wp-content\/uploads\/2023\/04\/Startampel-1536x864.jpg 1536w, https:\/\/laptimer.light-and-time.de\/wp-content\/uploads\/2023\/04\/Startampel.jpg 1920w\" sizes=\"auto, (max-width: 1024px) 100vw, 1024px\" \/><button\n\t\t\tclass=\"lightbox-trigger\"\n\t\t\ttype=\"button\"\n\t\t\taria-haspopup=\"dialog\"\n\t\t\taria-label=\"Vergr\u00f6\u00dfern\"\n\t\t\tdata-wp-init=\"callbacks.initTriggerButton\"\n\t\t\tdata-wp-on--click=\"actions.showLightbox\"\n\t\t\tdata-wp-style--right=\"state.imageButtonRight\"\n\t\t\tdata-wp-style--top=\"state.imageButtonTop\"\n\t\t>\n\t\t\t<svg xmlns=\"http:\/\/www.w3.org\/2000\/svg\" width=\"12\" height=\"12\" fill=\"none\" viewBox=\"0 0 12 12\">\n\t\t\t\t<path fill=\"#fff\" d=\"M2 0a2 2 0 0 0-2 2v2h1.5V2a.5.5 0 0 1 .5-.5h2V0H2Zm2 10.5H2a.5.5 0 0 1-.5-.5V8H0v2a2 2 0 0 0 2 2h2v-1.5ZM8 12v-1.5h2a.5.5 0 0 0 .5-.5V8H12v2a2 2 0 0 1-2 2H8Zm2-12a2 2 0 0 1 2 2v2h-1.5V2a.5.5 0 0 0-.5-.5H8V0h2Z\" \/>\n\t\t\t<\/svg>\n\t\t<\/button><\/figure>\n\n\n\n<p>Eine Bildschirmstartampel sorgt f\u00fcr einen geordneten Rennstart. Die 5 Rotlichter z\u00e4hlen nacheinander hoch, bevor das Rennen gestartet wird. Parallel kann im Analogbetrieb eine externe Startampel angeschlossen werden. Im Digitalbetrieb schaltet die Ampel parallel zu den Rotlichtern der ControlUnit.<\/p>\n\n\n\n<figure data-wp-context=\"{&quot;imageId&quot;:&quot;69dea79776836&quot;}\" data-wp-interactive=\"core\/image\" data-wp-key=\"69dea79776836\" class=\"wp-block-image size-large is-resized wp-lightbox-container\"><img loading=\"lazy\" decoding=\"async\" width=\"1024\" height=\"576\" data-wp-class--hide=\"state.isContentHidden\" data-wp-class--show=\"state.isContentVisible\" data-wp-init=\"callbacks.setButtonStyles\" data-wp-on--click=\"actions.showLightbox\" data-wp-on--load=\"callbacks.setButtonStyles\" data-wp-on-window--resize=\"callbacks.setButtonStyles\" src=\"https:\/\/laptimer.light-and-time.de\/wp-content\/uploads\/2023\/04\/Rundenrennen-1024x576.jpg\" alt=\"\" class=\"wp-image-103\" style=\"width:700px\" srcset=\"https:\/\/laptimer.light-and-time.de\/wp-content\/uploads\/2023\/04\/Rundenrennen-1024x576.jpg 1024w, https:\/\/laptimer.light-and-time.de\/wp-content\/uploads\/2023\/04\/Rundenrennen-300x169.jpg 300w, https:\/\/laptimer.light-and-time.de\/wp-content\/uploads\/2023\/04\/Rundenrennen-768x432.jpg 768w, https:\/\/laptimer.light-and-time.de\/wp-content\/uploads\/2023\/04\/Rundenrennen-1536x864.jpg 1536w, https:\/\/laptimer.light-and-time.de\/wp-content\/uploads\/2023\/04\/Rundenrennen.jpg 1920w\" sizes=\"auto, (max-width: 1024px) 100vw, 1024px\" \/><button\n\t\t\tclass=\"lightbox-trigger\"\n\t\t\ttype=\"button\"\n\t\t\taria-haspopup=\"dialog\"\n\t\t\taria-label=\"Vergr\u00f6\u00dfern\"\n\t\t\tdata-wp-init=\"callbacks.initTriggerButton\"\n\t\t\tdata-wp-on--click=\"actions.showLightbox\"\n\t\t\tdata-wp-style--right=\"state.imageButtonRight\"\n\t\t\tdata-wp-style--top=\"state.imageButtonTop\"\n\t\t>\n\t\t\t<svg xmlns=\"http:\/\/www.w3.org\/2000\/svg\" width=\"12\" height=\"12\" fill=\"none\" viewBox=\"0 0 12 12\">\n\t\t\t\t<path fill=\"#fff\" d=\"M2 0a2 2 0 0 0-2 2v2h1.5V2a.5.5 0 0 1 .5-.5h2V0H2Zm2 10.5H2a.5.5 0 0 1-.5-.5V8H0v2a2 2 0 0 0 2 2h2v-1.5ZM8 12v-1.5h2a.5.5 0 0 0 .5-.5V8H12v2a2 2 0 0 1-2 2H8Zm2-12a2 2 0 0 1 2 2v2h-1.5V2a.5.5 0 0 0-.5-.5H8V0h2Z\" \/>\n\t\t\t<\/svg>\n\t\t<\/button><\/figure>\n\n\n\n<p>Die Rennansicht erm\u00f6glicht bis zu 6 Fahrer in Zeilenansicht \u00fcbersichtlich die aktuellen Renndetails im Blick zu halten und informiert Zuschauer \u00fcber den aktuellen Rennstand.<\/p>\n\n\n\n<p>Links zeigt die Positionsanzeige die aktuelle Rennposition des Fahrers an. Fahrer- und Fahrzeugbild und Fahrername folgen. Unter dem Fahrernamen wird die schnellste Rennrunde des Laufs angezeigt. In gro\u00dfen Ziffern und farbig hinterlegt wird dann die Rundenzahl und der Tankstand (im Bild nicht zu sehen) angezeigt. Die aktuelle Rundenzeit schlie\u00dft die Anzeige ab.<\/p>\n\n\n\n<figure data-wp-context=\"{&quot;imageId&quot;:&quot;69dea79776a90&quot;}\" data-wp-interactive=\"core\/image\" data-wp-key=\"69dea79776a90\" class=\"wp-block-image size-large is-resized wp-lightbox-container\"><img loading=\"lazy\" decoding=\"async\" width=\"1024\" height=\"523\" data-wp-class--hide=\"state.isContentHidden\" data-wp-class--show=\"state.isContentVisible\" data-wp-init=\"callbacks.setButtonStyles\" data-wp-on--click=\"actions.showLightbox\" data-wp-on--load=\"callbacks.setButtonStyles\" data-wp-on-window--resize=\"callbacks.setButtonStyles\" src=\"https:\/\/laptimer.light-and-time.de\/wp-content\/uploads\/2023\/04\/Ende_Lauf-1024x523.jpg\" alt=\"\" class=\"wp-image-98\" style=\"width:700px\" srcset=\"https:\/\/laptimer.light-and-time.de\/wp-content\/uploads\/2023\/04\/Ende_Lauf-1024x523.jpg 1024w, https:\/\/laptimer.light-and-time.de\/wp-content\/uploads\/2023\/04\/Ende_Lauf-300x153.jpg 300w, https:\/\/laptimer.light-and-time.de\/wp-content\/uploads\/2023\/04\/Ende_Lauf-768x393.jpg 768w, https:\/\/laptimer.light-and-time.de\/wp-content\/uploads\/2023\/04\/Ende_Lauf.jpg 1348w\" sizes=\"auto, (max-width: 1024px) 100vw, 1024px\" \/><button\n\t\t\tclass=\"lightbox-trigger\"\n\t\t\ttype=\"button\"\n\t\t\taria-haspopup=\"dialog\"\n\t\t\taria-label=\"Vergr\u00f6\u00dfern\"\n\t\t\tdata-wp-init=\"callbacks.initTriggerButton\"\n\t\t\tdata-wp-on--click=\"actions.showLightbox\"\n\t\t\tdata-wp-style--right=\"state.imageButtonRight\"\n\t\t\tdata-wp-style--top=\"state.imageButtonTop\"\n\t\t>\n\t\t\t<svg xmlns=\"http:\/\/www.w3.org\/2000\/svg\" width=\"12\" height=\"12\" fill=\"none\" viewBox=\"0 0 12 12\">\n\t\t\t\t<path fill=\"#fff\" d=\"M2 0a2 2 0 0 0-2 2v2h1.5V2a.5.5 0 0 1 .5-.5h2V0H2Zm2 10.5H2a.5.5 0 0 1-.5-.5V8H0v2a2 2 0 0 0 2 2h2v-1.5ZM8 12v-1.5h2a.5.5 0 0 0 .5-.5V8H12v2a2 2 0 0 1-2 2H8Zm2-12a2 2 0 0 1 2 2v2h-1.5V2a.5.5 0 0 0-.5-.5H8V0h2Z\" \/>\n\t\t\t<\/svg>\n\t\t<\/button><\/figure>\n\n\n\n<p>Nach Laufende wird das Laufergebnis angezeigt. Bei aktivierter Sprachausgabe werden die Ergebnisse vorgelesen. Die manuelle Erfassung der Restmeter ist ebenfalls m\u00f6glich.<\/p>\n\n\n\n<figure data-wp-context=\"{&quot;imageId&quot;:&quot;69dea79776cd4&quot;}\" data-wp-interactive=\"core\/image\" data-wp-key=\"69dea79776cd4\" class=\"wp-block-image size-large is-resized wp-lightbox-container\"><img loading=\"lazy\" decoding=\"async\" width=\"1024\" height=\"555\" data-wp-class--hide=\"state.isContentHidden\" data-wp-class--show=\"state.isContentVisible\" data-wp-init=\"callbacks.setButtonStyles\" data-wp-on--click=\"actions.showLightbox\" data-wp-on--load=\"callbacks.setButtonStyles\" data-wp-on-window--resize=\"callbacks.setButtonStyles\" src=\"https:\/\/laptimer.light-and-time.de\/wp-content\/uploads\/2023\/04\/Detailauswertung-1024x555.jpg\" alt=\"\" class=\"wp-image-96\" style=\"width:700px\" srcset=\"https:\/\/laptimer.light-and-time.de\/wp-content\/uploads\/2023\/04\/Detailauswertung-1024x555.jpg 1024w, https:\/\/laptimer.light-and-time.de\/wp-content\/uploads\/2023\/04\/Detailauswertung-300x162.jpg 300w, https:\/\/laptimer.light-and-time.de\/wp-content\/uploads\/2023\/04\/Detailauswertung-768x416.jpg 768w, https:\/\/laptimer.light-and-time.de\/wp-content\/uploads\/2023\/04\/Detailauswertung-1536x832.jpg 1536w, https:\/\/laptimer.light-and-time.de\/wp-content\/uploads\/2023\/04\/Detailauswertung.jpg 1922w\" sizes=\"auto, (max-width: 1024px) 100vw, 1024px\" \/><button\n\t\t\tclass=\"lightbox-trigger\"\n\t\t\ttype=\"button\"\n\t\t\taria-haspopup=\"dialog\"\n\t\t\taria-label=\"Vergr\u00f6\u00dfern\"\n\t\t\tdata-wp-init=\"callbacks.initTriggerButton\"\n\t\t\tdata-wp-on--click=\"actions.showLightbox\"\n\t\t\tdata-wp-style--right=\"state.imageButtonRight\"\n\t\t\tdata-wp-style--top=\"state.imageButtonTop\"\n\t\t>\n\t\t\t<svg xmlns=\"http:\/\/www.w3.org\/2000\/svg\" width=\"12\" height=\"12\" fill=\"none\" viewBox=\"0 0 12 12\">\n\t\t\t\t<path fill=\"#fff\" d=\"M2 0a2 2 0 0 0-2 2v2h1.5V2a.5.5 0 0 1 .5-.5h2V0H2Zm2 10.5H2a.5.5 0 0 1-.5-.5V8H0v2a2 2 0 0 0 2 2h2v-1.5ZM8 12v-1.5h2a.5.5 0 0 0 .5-.5V8H12v2a2 2 0 0 1-2 2H8Zm2-12a2 2 0 0 1 2 2v2h-1.5V2a.5.5 0 0 0-.5-.5H8V0h2Z\" \/>\n\t\t\t<\/svg>\n\t\t<\/button><\/figure>\n\n\n\n<p>Zus\u00e4tzlich wird am Rennende eine Rennzusammenfassung angezeigt und der Sieger angezeigt. Die Rennergebnisse k\u00f6nnen ebenfalls vorgelesen werden. In der Auswertung kann das Rennergebnis mit vielen Details angezeigt werden. Eine L\u00f6schen oder Hinzuf\u00fcgen von Runden erm\u00f6glicht eine nachtr\u00e4gliche Korrektur des Rennergebnisses.<\/p>\n\n\n\n<p>Im Auswertemen\u00fc k\u00f6nnen zu allen gespeicherten Rennen die Ergebnisse oder Detaisauswertungen angezeigt werden.<\/p>\n\n\n\n<p>In den Einstellungen kannst du verschiedene Parameter zur Rennsteuerung und Programmeinstellungen vornehmen:<\/p>\n\n\n\n<figure data-wp-context=\"{&quot;imageId&quot;:&quot;69dea79776f1f&quot;}\" data-wp-interactive=\"core\/image\" data-wp-key=\"69dea79776f1f\" class=\"wp-block-image size-large is-resized wp-lightbox-container\"><img loading=\"lazy\" decoding=\"async\" width=\"1024\" height=\"658\" data-wp-class--hide=\"state.isContentHidden\" data-wp-class--show=\"state.isContentVisible\" data-wp-init=\"callbacks.setButtonStyles\" data-wp-on--click=\"actions.showLightbox\" data-wp-on--load=\"callbacks.setButtonStyles\" data-wp-on-window--resize=\"callbacks.setButtonStyles\" src=\"https:\/\/laptimer.light-and-time.de\/wp-content\/uploads\/2024\/12\/Einstellungen-1024x658.jpg\" alt=\"\" class=\"wp-image-452\" style=\"width:700px\" srcset=\"https:\/\/laptimer.light-and-time.de\/wp-content\/uploads\/2024\/12\/Einstellungen-1024x658.jpg 1024w, https:\/\/laptimer.light-and-time.de\/wp-content\/uploads\/2024\/12\/Einstellungen-300x193.jpg 300w, https:\/\/laptimer.light-and-time.de\/wp-content\/uploads\/2024\/12\/Einstellungen-768x494.jpg 768w, https:\/\/laptimer.light-and-time.de\/wp-content\/uploads\/2024\/12\/Einstellungen-1536x987.jpg 1536w, https:\/\/laptimer.light-and-time.de\/wp-content\/uploads\/2024\/12\/Einstellungen.jpg 1585w\" sizes=\"auto, (max-width: 1024px) 100vw, 1024px\" \/><button\n\t\t\tclass=\"lightbox-trigger\"\n\t\t\ttype=\"button\"\n\t\t\taria-haspopup=\"dialog\"\n\t\t\taria-label=\"Vergr\u00f6\u00dfern\"\n\t\t\tdata-wp-init=\"callbacks.initTriggerButton\"\n\t\t\tdata-wp-on--click=\"actions.showLightbox\"\n\t\t\tdata-wp-style--right=\"state.imageButtonRight\"\n\t\t\tdata-wp-style--top=\"state.imageButtonTop\"\n\t\t>\n\t\t\t<svg xmlns=\"http:\/\/www.w3.org\/2000\/svg\" width=\"12\" height=\"12\" fill=\"none\" viewBox=\"0 0 12 12\">\n\t\t\t\t<path fill=\"#fff\" d=\"M2 0a2 2 0 0 0-2 2v2h1.5V2a.5.5 0 0 1 .5-.5h2V0H2Zm2 10.5H2a.5.5 0 0 1-.5-.5V8H0v2a2 2 0 0 0 2 2h2v-1.5ZM8 12v-1.5h2a.5.5 0 0 0 .5-.5V8H12v2a2 2 0 0 1-2 2H8Zm2-12a2 2 0 0 1 2 2v2h-1.5V2a.5.5 0 0 0-.5-.5H8V0h2Z\" \/>\n\t\t\t<\/svg>\n\t\t<\/button><\/figure>\n\n\n\n<p>Hier findest du unter anderem Einstellungen zu:<\/p>\n\n\n\n<ul class=\"wp-block-list\">\n<li>Bahntyp und Messung (Simulationsmodus, Analog- oder Digitalbetrieb)<\/li>\n\n\n\n<li>Sprache und Soundausgabe<\/li>\n\n\n\n<li>Programmfarben\/ Farbeinstellungen<\/li>\n\n\n\n<li>Hardwareeinstellungen (Sensordefinitionen, COM-Port, etc.)<\/li>\n\n\n\n<li>allgemeine Renneinstellungen<\/li>\n\n\n\n<li>Tank-, Fr\u00fchstart-, und Chaoseinstellungen<\/li>\n\n\n\n<li>und mehr<\/li>\n<\/ul>\n","protected":false},"excerpt":{"rendered":"<p>Der erste Start des LapTimers mit dem Einrichtungsassistenten, der dich Schritt f\u00fcr Schritt durch die Einrichtung des Programmes f\u00fchrt. Das Programmfenster des LapTimers besteht aus der links angebrachten Men\u00fcleiste und dazugeh\u00f6rigen Fensterbereichen f\u00fcr die Strecke, Fahrer, Fahrzeuge, Rennen, Auswertung und den Einstellungen. In diesen l\u00e4sst sich festlegen, welches dieser Fenster nach einem Programmstart angezeigt werden [&hellip;]<\/p>\n","protected":false},"author":2,"featured_media":0,"parent":0,"menu_order":0,"comment_status":"closed","ping_status":"closed","template":"","meta":{"footnotes":""},"class_list":["post-106","page","type-page","status-publish","hentry","post"],"_links":{"self":[{"href":"https:\/\/laptimer.light-and-time.de\/index.php?rest_route=\/wp\/v2\/pages\/106","targetHints":{"allow":["GET"]}}],"collection":[{"href":"https:\/\/laptimer.light-and-time.de\/index.php?rest_route=\/wp\/v2\/pages"}],"about":[{"href":"https:\/\/laptimer.light-and-time.de\/index.php?rest_route=\/wp\/v2\/types\/page"}],"author":[{"embeddable":true,"href":"https:\/\/laptimer.light-and-time.de\/index.php?rest_route=\/wp\/v2\/users\/2"}],"replies":[{"embeddable":true,"href":"https:\/\/laptimer.light-and-time.de\/index.php?rest_route=%2Fwp%2Fv2%2Fcomments&post=106"}],"version-history":[{"count":9,"href":"https:\/\/laptimer.light-and-time.de\/index.php?rest_route=\/wp\/v2\/pages\/106\/revisions"}],"predecessor-version":[{"id":457,"href":"https:\/\/laptimer.light-and-time.de\/index.php?rest_route=\/wp\/v2\/pages\/106\/revisions\/457"}],"wp:attachment":[{"href":"https:\/\/laptimer.light-and-time.de\/index.php?rest_route=%2Fwp%2Fv2%2Fmedia&parent=106"}],"curies":[{"name":"wp","href":"https:\/\/api.w.org\/{rel}","templated":true}]}}